uppose -17*h + 16*h = 3*s - 52412, 0 = 5*h - 2*s - 262026. What are the prime factors of h?
2, 26203
Suppose 1 = -2*d + 15, 5*w - 5*d - 33465 = 0. What are the prime factors of w?
2, 5, 67
What are the prime factors of 30*254128/140 + 2/((-4)/10)?
17, 3203
Suppose 0 = -3*h - 4*h + 14770. What are the prime factors of h?
2, 5, 211
List the prime factors of -7*(-2)/(-14)*-12277.
12277
Suppose 0 = 69*q - 63*q - 6900. What are the prime factors of q + 5 + 9/((-36)/16)?
1151
Let f(z) = 371*z**2 - 578*z + 6197. What are the prime factors of f(11)?
2, 3, 5, 7, 71
Let d(y) = -121*y**3 + 2*y**2 - 2. Let i be (-4)/(-9)*(-18)/(-4). Suppose 3 - i = -q. What are the prime factors of d(q)?
11
List the prime factors of ((-2 - 0) + 1)*(-4 - 29 - 591).
2, 3, 13
Let w(u) = u**2 - 13*u + 48. Let l(x) = -x**3 - 11*x**2 - 6*x + 24. Let z be l(-10). What are the prime factors of w(z)?
2
Suppose -1634*m = -1656*m. Suppose 2*f - 121 - 9 = 0. Suppose 4*x + l - 89 = m, -f = -4*x - 3*l + 34. What are the prime factors of x?
3, 7
Let o(r) = -51*r**3 - 3*r**2 + 61*r + 266. What are the prime factors of o(-4)?
2, 1619
Let n = -13480 + 35596. What are the prime factors of n?
2, 3, 19, 97
Let d = -74123 - -124553. List the prime factors of d.
2, 3, 5, 41
Let u be -3*(-64 - 8/(-4)). Suppose u = 5*i - 299. Suppose 2*x - 107 = i. List the prime factors of x.
2, 3, 17
Let l(h) = -930*h - 578. List the prime factors of l(-8).
2, 47, 73
Suppose -6 - 22 = 7*d, -53228 = -4*x + 2*d. What are the prime factors of x?
3, 5, 887
Let s be 1986/7 - -2*(-3)/(-21). Suppose -4*t + o + 3*o + s = 0, -257 = -4*t - 5*o. List the prime factors of t.
2, 17
Let m(l) = -2*l**3 - 9*l**2 + 21*l - 14. Let c be m(-10). Let g = c + 816. What are the prime factors of g?
2, 3, 47
Let f(c) be the third derivative of -17*c**6/120 + c**3/6 + 14*c**2. Let d be f(1). What are the prime factors of 1/((-4)/d) - (-36)/2?
2, 11
Let s(f) = f**2 + 2*f - 3215. What are the prime factors of s(-148)?
3, 6131
Let n(o) = -o. Let i(t) = -8*t + 11. Let r(w) = -i(w) - n(w). Suppose -5*x + 12 = -y, 2*y - x + 44 = 7*y. What are the prime factors of r(y)?
61
Let b(p) = 17*p**3 + 4*p**2 - 14*p + 8. Let o be b(5). Suppose -2*l - 2*c + 1230 + 212 = 0, 3*l + 2*c = o. List the prime factors of l.
7, 103
Suppose r - 4244 = -5*l + 10*l, 4*l = -5*r - 3372. List the prime factors of (-2 + l/10)*(-9 + 4).
2, 7, 31
Let k(o) be the third derivative of o**5/20 + o**4/2 - 19*o**3/6 + 68*o**2. List the prime factors of k(15).
2, 11, 19
Let f(p) = p**3 - 3*p**2 + p - 1. Let n be f(2). Let y(w) = -80*w - 51. What are the prime factors of y(n)?
3, 7
Let v(s) = s - 1. Let j be v(2). Let d be (-8)/(-4) + 1 + j. Suppose -5*x + 4*w + 98 = 0, -d*w = -3*w + 2. List the prime factors of x.
2, 3
Let t(h) be the first derivative of h**4/4 + 85*h - 10. Let q be t(0). Suppose -223 + q = -2*s. List the prime factors of s.
3, 23
List the prime factors of -6 + 514283/44 + (3 - (-27)/(-12)).
7, 1669
Let p(x) = -2*x. Let z(m) = 4*m - 25. Let n(l) = 6*p(l) + z(l). What are the prime factors of n(-5)?
3, 5
Let r(o) = 15*o**2 + 54 - 2*o**3 - 68*o + 75*o - 19*o**2. List the prime factors of r(-6).
2, 3, 5
Let p(u) be the first derivative of u**4/4 + 19*u**3/3 + 8*u**2 - 2*u - 151. List the prime factors of p(-13).
2, 3, 67
Let u(z) = 2*z**3 + 7*z**2 - 8*z - 10. Let k be u(-4). Suppose -3318 = -k*t - 948. What are the prime factors of t?
5, 79
Let u(d) = 613*d + 310. List the prime factors of u(17).
3, 7, 73
Let h(d) = d**2 - 20*d + 16. Let a(y) = 2*y**2 - 40*y + 34. Let g(t) = 6*a(t) - 11*h(t). What are the prime factors of g(24)?
2, 31
Let g(m) = m**2 + 9*m + 18. Let d(i) = i**2 + 4*i - 7. Let r be d(-4). Let w be g(r). Suppose -5*l = -3*l - 10, w*l + 143 = v. What are the prime factors of v?
163
Let j = -23 + 27. List the prime factors of j/8*8 - 0.
2
Let z be -2*(-12*2 - -1). Let h = 30 - z. List the prime factors of (-6 - (h - -4))*7/1.
2, 3, 7
Let q be (10/(-2))/1 - 22. List the prime factors of 0 + -3*(-3)/(q/(-996)).
2, 83
Let k(a) = 2*a**2 - 20*a - 12. Let w be k(11). Suppose w*g = 12*g - 2. What are the prime factors of g + -4 + 67 - 1?
3, 7
List the prime factors of ((-18)/27)/(48/(-488232)).
6781
Suppose -152379 = 19*g - 382477 - 347103. What are the prime factors of g?
17, 1787
Suppose 0 = 21*j + 16*j + 2*j - 619788. List the prime factors of j.
2, 29, 137
Suppose -7*v = 3*v - 17710. List the prime factors of v.
7, 11, 23
Let m be (52 - 45) + (1143 - -1). Suppose -m = -s - 2*t, 16 = -5*t + t. What are the prime factors of s?
19, 61
Let m(v) = v**2 - 4*v - 4. Let t be m(3). Let n(p) = 20*p**2 - 17*p + 8. List the prime factors of n(t).
3, 41
Let h(u) = -u + 3. Let s be h(12). Let i(p) = p**2 + 12*p + 24. Let l be i(s). List the prime factors of 0 + ((-12)/(l/1) - -57).
61
Let z = 2 + -5. Suppose 0 = -3*g - p, 293*g + 4*p = 289*g. What are the prime factors of 58/(g/z + 2)?
29
Let l be -4*(4431/12)/(-7). List the prime factors of l + (8 - 3)*2/2.
2, 3
Suppose -5*j + 37*f + 43488 = 33*f, 4*f = -8. What are the prime factors of j?
2, 1087
Let b be (120/18)/(-5)*(-3)/2. Suppose -17*h - b*q = -12*h - 2053, -401 = -h + 2*q. List the prime factors of h.
409
Suppose -18*l = 29 - 4619. Let a = 501 - l. What are the prime factors of a?
2, 3, 41
Let n = 33 - 48. What are the prime factors of (-4743)/n - (-6)/(-5)?
3, 5, 7
Let m be ((-351)/2)/1*80/(-60). Let g = -224 + m. What are the prime factors of g?
2, 5
Let v(i) = -171*i - 16. Let r be v(3). Let z = r + 939. Let j = z + -195. List the prime factors of j.
5, 43
Suppose 2*p = -8, -2*p + 136 = 2*n + 3*p. Let j = n - 74. Suppose 5*u - 169 - 304 = -3*f, -4*f - j*u + 644 = 0. What are the prime factors of f?
2, 83
Suppose -5*o - 50 = -3*b, 3*b - 9 = 2*o + 29. Let v(s) = -41*s + 31. Let g be v(b). Let k = -268 - g. List the prime factors of k.
3, 37
Let k be (3 + (1 - 6))*-30. Suppose 0 = -i + k - 2. What are the prime factors of i?
2, 29
Suppose -3*a = -b + 414 - 92, -2*b = 3*a - 644. Suppose -5*u + 3*j + 560 + 253 = 0, 2*u = -2*j + b. What are the prime factors of u?
2, 3
Let u = 12346 - 6547. List the prime factors of u.
3, 1933
Let y(k) = -k**2 + 10*k - 12. Let z be y(5). Let f = z - 8. What are the prime factors of -87*((-15)/f + 2)?
3, 29
Suppose 0 = -460*u + 455*u + 2*r + 100996, -5*u + r = -100993. List the prime factors of u.
2, 10099
Suppose 5*c + 29 = -131. List the prime factors of ((-11472)/(-64))/((-12)/c).
2, 239
List the prime factors of -2*(-2 + -1 + 10 + (-4227 - 10)).
2, 3, 5, 47
Suppose 16*u + 15052 = 95436. List the prime factors of u.
2, 157
Suppose -2*b + 3437 - 1003 = 0. What are the prime factors of b?
1217
Let g(f) = -3*f - 7. Let b be g(-4). Suppose -1076 = -b*n + 2*u + 4259, -3*n = u - 3212. Suppose 5*z = 76 + n. What are the prime factors of z?
229
Suppose 0 = -4*z - 5*z + 126. Let v = z + -16. List the prime factors of (5/10 - 1)/(v/72).
2, 3
Suppose 4*d + 5816 = 4*i, -2896 = -2*i - d - 0*d. Let t = -1026 + i. Suppose 6*g - 2*g = 3*n + 427, -t = -4*g + 4*n. What are the prime factors of g?
109
Let f = 3177 - 830. What are the prime factors of f?
2347
Let t(c) = 2*c**3 + 16*c**2 - 18*c + 43. What are the prime factors of t(15)?
53, 191
Let f(k) = -k**3 - 6*k**2 + 4*k - 18. Let n be f(-7). Let l be ((-24)/(-9) - n)*-42. Let b = -7 + l. What are the prime factors of b?
7
Let t(u) = -u**3 + 7*u**2 + 2*u - 9. Let o be t(6). Let k = -44 + o. Let d(v) = -9*v + 19. What are the prime factors of d(k)?
2
Suppose 2*d + 36 = 4*r - 0*r, 2*r - 5*d = 26. Suppose j + 2*l + r = 0, 5*j - 2*l = -3*l - 31. List the prime factors of ((-396)/30)/(j/15).
3, 11
Let z = 28 - 12. Let m(f) = f + 15. Let w be m(-6). Suppose z*t = w*t + 168. List the prime factors of t.
2, 3
Let g = -11517 + 36352. List the prime factors of g.
5, 4967
Let a be 2/((-1)/((-65)/10)). Let w be 1*-3 - (-13)/(a/(-60)). List the prime factors of 7/w + (-8932)/(-36).
2, 31
Suppose 951647 = -2*a + 51*a + 136532. What are the prime factors of a?
3, 5, 1109
Suppose 4*d - 14212 = -3*f + 556, -4*f = -d - 19716. What are the prime factors of f?
2, 7, 11
What are the prime factors of (4/(-72)*-93 - (-5)/(-30)) + 80365?
2, 3, 5, 19, 47
Let z(r) = 927*r + 1475. What are the prime factors of z(12)?
43, 293
Suppose -14 = -5*i + 3*i. Suppose h = w 